{"id":944,"date":"2025-11-03T22:39:59","date_gmt":"2025-11-03T21:39:59","guid":{"rendered":"https:\/\/lulala.pl\/?post_type=product&#038;p=944"},"modified":"2026-03-02T22:30:13","modified_gmt":"2026-03-02T21:30:13","slug":"torebka-czerwona-box","status":"publish","type":"product","link":"https:\/\/lulala.pl\/index.php\/product\/torebka-czerwona-box\/","title":{"rendered":"Torebka Czerwona BOX"},"content":{"rendered":"<p>To magiczna czerwona torba Mary Poppins, ale w formie przypominaj\u0105cej pude\u0142ko, rozmiar maxi. Zaprojektowana z my\u015bl\u0105 o praktyczno\u015bci i wygodzie, r\u0119cznie robiona pojemna torebka na zamek zmie\u015bci wszystko, co niezb\u0119dne i troch\u0119 tego, co tylko przyda si\u0119 w nieprzewidzianych sytuacjach. &#8211; od portfela po klucze, telefon, gumy do \u017cucia, papierosy (cho\u0107 wspieram zdrowy tryb \u017cycia, wi\u0119c mo\u017ce zamiast papieros\u00f3w wrzuci\u0107 tam przek\u0105sk\u0119), po sk\u0142adany parasol czy butelk\u0119 wina z korkoci\u0105giem.<br \/>\nMo\u017cesz j\u0105 nosi\u0107 na rami\u0119 albo na skos na piersi. Ma regulowany pas oraz oryginaln\u0105, kr\u00f3tk\u0105 plecion\u0105 r\u0105czk\u0119 z linki.<\/p>\n<p>Materia\u0142: sk\u00f3ra naturalna czerwona<\/p>\n<p>Wymiary torebki w: 22cm (szeroko\u015b\u0107)\/8cm (bok)\/22cm (wysoko\u015b\u0107),\u00a0<\/p>\n<p>Pas regulowany.<\/p>\n<p>Do torebki do\u0142\u0105czony b\u0119dzie p\u0142\u00f3cienny woreczek do przechowywania.<\/p>\n<p>Torebk\u0119 wysy\u0142amy w eco opakowaniu bez u\u017cycia plastiku.<\/p>\n","protected":false},"excerpt":{"rendered":"<p>R\u0119cznie szyta czerwona, sk\u00f3rzana torebka.<\/p>\n","protected":false},"featured_media":946,"comment_status":"open","ping_status":"closed","template":"","meta":[],"product_brand":[],"product_cat":[22],"product_tag":[84,42,126,62,61,74,119,79,137,83,82,78,75,80,76,138,81],"class_list":{"0":"post-944","1":"product","2":"type-product","3":"status-publish","4":"has-post-thumbnail","6":"product_cat-torebki","7":"product_tag-festiwalowa-torebka","8":"product_tag-minileatherbag","9":"product_tag-moda-cyrkularna","10":"product_tag-polska-marka","11":"product_tag-polskie-rzemioslo","12":"product_tag-polskie-torebki-hand-made","13":"product_tag-saszetka-ze-skory","14":"product_tag-torebka-damska","15":"product_tag-torebka-damska-czerwona","16":"product_tag-torebka-na-impreze","17":"product_tag-torebka-na-lato","18":"product_tag-torebka-nerka","19":"product_tag-torebka-recznie-szyta","20":"product_tag-torebka-z-wytlaczanej-skory","21":"product_tag-unikatowa-skorzana-torebka","22":"product_tag-upcykling","23":"product_tag-wyjatkowa-torebka","25":"first","26":"instock","27":"shipping-taxable","28":"purchasable","29":"product-type-simple"},"_links":{"self":[{"href":"https:\/\/lulala.pl\/index.php\/wp-json\/wp\/v2\/product\/944","targetHints":{"allow":["GET"]}}],"collection":[{"href":"https:\/\/lulala.pl\/index.php\/wp-json\/wp\/v2\/product"}],"about":[{"href":"https:\/\/lulala.pl\/index.php\/wp-json\/wp\/v2\/types\/product"}],"replies":[{"embeddable":true,"href":"https:\/\/lulala.pl\/index.php\/wp-json\/wp\/v2\/comments?post=944"}],"wp:featuredmedia":[{"embeddable":true,"href":"https:\/\/lulala.pl\/index.php\/wp-json\/wp\/v2\/media\/946"}],"wp:attachment":[{"href":"https:\/\/lulala.pl\/index.php\/wp-json\/wp\/v2\/media?parent=944"}],"wp:term":[{"taxonomy":"product_brand","embeddable":true,"href":"https:\/\/lulala.pl\/index.php\/wp-json\/wp\/v2\/product_brand?post=944"},{"taxonomy":"product_cat","embeddable":true,"href":"https:\/\/lulala.pl\/index.php\/wp-json\/wp\/v2\/product_cat?post=944"},{"taxonomy":"product_tag","embeddable":true,"href":"https:\/\/lulala.pl\/index.php\/wp-json\/wp\/v2\/product_tag?post=944"}],"curies":[{"name":"wp","href":"https:\/\/api.w.org\/{rel}","templated":true}]}}