{"id":884,"date":"2023-11-29T17:17:49","date_gmt":"2023-11-29T16:17:49","guid":{"rendered":"https:\/\/lulala.pl\/?post_type=product&#038;p=884"},"modified":"2025-06-02T23:23:01","modified_gmt":"2025-06-02T21:23:01","slug":"mini-torebka-na-telefon-black-mat","status":"publish","type":"product","link":"https:\/\/lulala.pl\/index.php\/product\/mini-torebka-na-telefon-black-mat\/","title":{"rendered":"Mini torebka na telefon Black Mat"},"content":{"rendered":"<p>Mini torebka na telefon z kieszonk\u0105 na kart\u0119 lub pieni\u0105dze, wykonana z w\u0142oskiej sk\u00f3ry naturalnej w kolorze czarnym. Zapinana na zatrzask. Torebka mo\u017ce s\u0142u\u017cy\u0107 r\u00f3wnie\u017c jako etui na telefon i portfel. Torebka jest zaopatrzona w pasek\/rzemie\u0144 do noszenie na sko\u015b z regulacj\u0105 d\u0142ugo\u015bci poprzez zwi\u0105zanie.<\/p>\n<p>Torebka\u00a0 jest uszyta w mojej pracowni \u00a0z niezwyk\u0142\u0105 dba\u0142o\u015bci\u0105 o detale i bardzo solidna.<\/p>\n<p>Ka\u017cdy wykonany przeze mnie produkt jest zrobiony r\u0119cznie, wi\u0119c masz pewno\u015b\u0107, \u017ce b\u0119dzie unikatowy.<\/p>\n<p>Sama wycinam, szyj\u0119 i projektuje swoje kolekcje. Kupuj\u0105c w moim sklepie wspierasz polsk\u0105 mark\u0119 i polskie rzemios\u0142o.<\/p>\n<p>Wymiary: 18cm x 10,5cm<br \/>\nna \u017cyczenie wykonam torebk\u0119 w innym rozmiarze.<\/p>\n","protected":false},"excerpt":{"rendered":"<p>Mini torebka na telefon wykonana z w\u0142oskiej sk\u00f3ry naturalnej<\/p>\n","protected":false},"featured_media":886,"comment_status":"open","ping_status":"closed","template":"","meta":[],"product_brand":[],"product_cat":[23],"product_tag":[127,91,86,97,27,85,126,61,66,89,88,98,93,87,90,76,125,92],"class_list":{"0":"post-884","1":"product","2":"type-product","3":"status-publish","4":"has-post-thumbnail","6":"product_cat-portfele","7":"product_tag-dream-bag","8":"product_tag-kaletnictwo","9":"product_tag-leather-bag","10":"product_tag-madeb-by-hand","11":"product_tag-mini-bag","12":"product_tag-mini-torebka","13":"product_tag-moda-cyrkularna","14":"product_tag-polskie-rzemioslo","15":"product_tag-polskie-torebki-skorzane","16":"product_tag-portfel-damski","17":"product_tag-portfel-ze-skory","18":"product_tag-recznie-szyte","19":"product_tag-recznie-szyty-portfel","20":"product_tag-rozowa-torebka","21":"product_tag-torebka-hand-made","22":"product_tag-unikatowa-skorzana-torebka","23":"product_tag-upcycled-bag","24":"product_tag-wyroby-kaletnicze","26":"first","27":"instock","28":"shipping-taxable","29":"purchasable","30":"product-type-simple"},"_links":{"self":[{"href":"https:\/\/lulala.pl\/index.php\/wp-json\/wp\/v2\/product\/884","targetHints":{"allow":["GET"]}}],"collection":[{"href":"https:\/\/lulala.pl\/index.php\/wp-json\/wp\/v2\/product"}],"about":[{"href":"https:\/\/lulala.pl\/index.php\/wp-json\/wp\/v2\/types\/product"}],"replies":[{"embeddable":true,"href":"https:\/\/lulala.pl\/index.php\/wp-json\/wp\/v2\/comments?post=884"}],"wp:featuredmedia":[{"embeddable":true,"href":"https:\/\/lulala.pl\/index.php\/wp-json\/wp\/v2\/media\/886"}],"wp:attachment":[{"href":"https:\/\/lulala.pl\/index.php\/wp-json\/wp\/v2\/media?parent=884"}],"wp:term":[{"taxonomy":"product_brand","embeddable":true,"href":"https:\/\/lulala.pl\/index.php\/wp-json\/wp\/v2\/product_brand?post=884"},{"taxonomy":"product_cat","embeddable":true,"href":"https:\/\/lulala.pl\/index.php\/wp-json\/wp\/v2\/product_cat?post=884"},{"taxonomy":"product_tag","embeddable":true,"href":"https:\/\/lulala.pl\/index.php\/wp-json\/wp\/v2\/product_tag?post=884"}],"curies":[{"name":"wp","href":"https:\/\/api.w.org\/{rel}","templated":true}]}}

<p>Mini torebka na telefon z kieszonką na kartę lub pieniądze, wykonana z włoskiej skóry naturalnej w kolorze czarnym. Zapinana na zatrzask. Torebka może służyć również jako etui na telefon i portfel. Torebka jest zaopatrzona w pasek/rzemień do noszenie na skoś z regulacją długości poprzez związanie.</p>
<p>Torebka  jest uszyta w mojej pracowni  z niezwykłą dbałością o detale i bardzo solidna.</p>
<p>Każdy wykonany przeze mnie produkt jest zrobiony ręcznie, więc masz pewność, że będzie unikatowy.</p>
<p>Sama wycinam, szyję i projektuje swoje kolekcje. Kupując w moim sklepie wspierasz polską markę i polskie rzemiosło.</p>
<p>Wymiary: 18cm x 10,5cm<br />
na życzenie wykonam torebkę w innym rozmiarze.</p>

<p>Mini torebka na telefon wykonana z włoskiej skóry naturalnej</p>
