{"id":875,"date":"2023-11-28T16:41:22","date_gmt":"2023-11-28T15:41:22","guid":{"rendered":"https:\/\/lulala.pl\/?post_type=product&#038;p=875"},"modified":"2024-05-15T22:33:08","modified_gmt":"2024-05-15T20:33:08","slug":"torebka-circles-1","status":"publish","type":"product","link":"https:\/\/lulala.pl\/index.php\/product\/torebka-circles-1\/","title":{"rendered":"Torebka Circles 1#"},"content":{"rendered":"<p>Zielona, sk\u00f3rzana torebka wykonana z klasycznej, w\u0142oskiej sk\u00f3ry dodatkowo ozdobiona kolorowymi wstawkami ze sk\u00f3ry naturalnej.<br \/>\nMo\u017cna j\u0105 nosi\u0107 na skos, na rami\u0119 lub jak nerk\u0119 na pasie.\u00a0 Torebka zapinana jest na metalowy zamek.<br \/>\nZosta\u0142a r\u0119cznie uszyta w mojej pracowni z du\u017c\u0105 dba\u0142o\u015bci\u0105 o jako\u015b\u0107. <\/p>\n<p>Wymiary torebki w: 32cm (szeroko\u015b\u0107)\/8cm (bok)\/21cm (wysoko\u015b\u0107),\u00a0<\/p>\n<p>Pas regulowany.<\/p>\n<p>Do torebki do\u0142\u0105czony b\u0119dzie p\u0142\u00f3cienny woreczek do przechowywania.<\/p>\n<p>Torebk\u0119 wysy\u0142amy w eco opakowaniu bez u\u017cycia plastiku.<\/p>\n","protected":false},"excerpt":{"rendered":"<p>R\u0119cznie szyta r\u00f3\u017cowa, sk\u00f3rzana torebka.<\/p>\n","protected":false},"featured_media":878,"comment_status":"open","ping_status":"closed","template":"","meta":[],"product_brand":[],"product_cat":[22],"product_tag":[84,122,42,62,61,74,119,79,83,82,78,75,80,76,81],"class_list":{"0":"post-875","1":"product","2":"type-product","3":"status-publish","4":"has-post-thumbnail","6":"product_cat-torebki","7":"product_tag-festiwalowa-torebka","8":"product_tag-kolorowa-nerka","9":"product_tag-minileatherbag","10":"product_tag-polska-marka","11":"product_tag-polskie-rzemioslo","12":"product_tag-polskie-torebki-hand-made","13":"product_tag-saszetka-ze-skory","14":"product_tag-torebka-damska","15":"product_tag-torebka-na-impreze","16":"product_tag-torebka-na-lato","17":"product_tag-torebka-nerka","18":"product_tag-torebka-recznie-szyta","19":"product_tag-torebka-z-wytlaczanej-skory","20":"product_tag-unikatowa-skorzana-torebka","21":"product_tag-wyjatkowa-torebka","23":"first","24":"onbackorder","25":"shipping-taxable","26":"purchasable","27":"product-type-simple"},"_links":{"self":[{"href":"https:\/\/lulala.pl\/index.php\/wp-json\/wp\/v2\/product\/875","targetHints":{"allow":["GET"]}}],"collection":[{"href":"https:\/\/lulala.pl\/index.php\/wp-json\/wp\/v2\/product"}],"about":[{"href":"https:\/\/lulala.pl\/index.php\/wp-json\/wp\/v2\/types\/product"}],"replies":[{"embeddable":true,"href":"https:\/\/lulala.pl\/index.php\/wp-json\/wp\/v2\/comments?post=875"}],"wp:featuredmedia":[{"embeddable":true,"href":"https:\/\/lulala.pl\/index.php\/wp-json\/wp\/v2\/media\/878"}],"wp:attachment":[{"href":"https:\/\/lulala.pl\/index.php\/wp-json\/wp\/v2\/media?parent=875"}],"wp:term":[{"taxonomy":"product_brand","embeddable":true,"href":"https:\/\/lulala.pl\/index.php\/wp-json\/wp\/v2\/product_brand?post=875"},{"taxonomy":"product_cat","embeddable":true,"href":"https:\/\/lulala.pl\/index.php\/wp-json\/wp\/v2\/product_cat?post=875"},{"taxonomy":"product_tag","embeddable":true,"href":"https:\/\/lulala.pl\/index.php\/wp-json\/wp\/v2\/product_tag?post=875"}],"curies":[{"name":"wp","href":"https:\/\/api.w.org\/{rel}","templated":true}]}}