{"id":767,"date":"2022-11-02T10:56:24","date_gmt":"2022-11-02T09:56:24","guid":{"rendered":"https:\/\/lulala.pl\/?post_type=product&#038;p=767"},"modified":"2024-07-11T16:23:49","modified_gmt":"2024-07-11T14:23:49","slug":"torebka-na-ramie-coffee","status":"publish","type":"product","link":"https:\/\/lulala.pl\/index.php\/product\/torebka-na-ramie-coffee\/","title":{"rendered":"Torebka na rami\u0119 Coffee"},"content":{"rendered":"<p>Torebki w pracowni Lulala powstaj\u0105 ze szczeg\u00f3ln\u0105 dba\u0142o\u015bci\u0105 o detale i s\u0105 cz\u0119sto wykonywane w kr\u00f3tkich seriach lub pojedynczych egzemplarzach.<br \/>\nBe\u017cowo fioletowa torebka uszyta w modnym ostatnio stylu shoulder bag b\u0119dzie idealnym dope\u0142nieniem ka\u017cdej stylizacji. Pasuje do letniej sukienki, ale super sprawdzi si\u0119 te\u017c z marynark\u0105 i jeansami.<br \/>\n Zapinana na zamek i ozdobiona dwiema ma\u0142ymi klamrami w kolorze z\u0142otym.<br \/>\n Wykonana  z lakierowanej, w\u0142oskiej sk\u00f3ry  wyt\u0142aczanej we wz\u00f3r krokodyla.\u00a0 <\/p>\n<p>Wszystkie moje torebki szyj\u0119 sama i powstaj\u0105 w mojej pracowni w Gda\u0144sku.<\/p>\n<p>Wymiary torebki : 24cm(szeroko\u015b\u0107)\/15cm(wysoko\u015b\u0107),\u00a06cm (bok) <\/p>\n<p>Pas  regulowany d\u0142ugo\u015b\u0107 max 70cm<\/p>\n<p>Do torebki do\u0142\u0105czony b\u0119dzie p\u0142\u00f3cienny woreczek do przechowywania. Torebk\u0119 wysy\u0142amy w eco opakowaniu bez u\u017cycia plastiku.<\/p>\n<p>Je\u017celi masz pomys\u0142 na torebk\u0119, mog\u0119 wykona\u0107 j\u0105 w mojej pracowni na indywidualne zam\u00f3wienie zapraszam do kontaktu.<\/p>\n<p>Prosimy o kontakt, je\u017celi chcia\u0142by\u015b dokona\u0107 personalizacji torebki.<\/p>\n","protected":false},"excerpt":{"rendered":"<p>R\u0119cznie szyta, sk\u00f3rzana torebka.<\/p>\n","protected":false},"featured_media":768,"comment_status":"open","ping_status":"closed","template":"","meta":[],"product_brand":[],"product_cat":[22],"product_tag":[113,104,68,42,37,61,103,39,99,95,75,100,102,76,94],"class_list":{"0":"post-767","1":"product","2":"type-product","3":"status-publish","4":"has-post-thumbnail","6":"product_cat-torebki","7":"product_tag-bezowa-torebka-ze-skory","8":"product_tag-kaletnik","9":"product_tag-leathercraft","10":"product_tag-minileatherbag","11":"product_tag-polskamarka","12":"product_tag-polskie-rzemioslo","13":"product_tag-polskie-torebki-skorzane-damskie","14":"product_tag-polskietorebkihandmade","15":"product_tag-shoulder-bag","16":"product_tag-slow-fashion","17":"product_tag-torebka-recznie-szyta","18":"product_tag-torebka-ze-skory","19":"product_tag-torebka-ze-skory-naturalnej","20":"product_tag-unikatowa-skorzana-torebka","21":"product_tag-zrownowazona-moda","23":"first","24":"instock","25":"featured","26":"shipping-taxable","27":"purchasable","28":"product-type-simple"},"_links":{"self":[{"href":"https:\/\/lulala.pl\/index.php\/wp-json\/wp\/v2\/product\/767","targetHints":{"allow":["GET"]}}],"collection":[{"href":"https:\/\/lulala.pl\/index.php\/wp-json\/wp\/v2\/product"}],"about":[{"href":"https:\/\/lulala.pl\/index.php\/wp-json\/wp\/v2\/types\/product"}],"replies":[{"embeddable":true,"href":"https:\/\/lulala.pl\/index.php\/wp-json\/wp\/v2\/comments?post=767"}],"wp:featuredmedia":[{"embeddable":true,"href":"https:\/\/lulala.pl\/index.php\/wp-json\/wp\/v2\/media\/768"}],"wp:attachment":[{"href":"https:\/\/lulala.pl\/index.php\/wp-json\/wp\/v2\/media?parent=767"}],"wp:term":[{"taxonomy":"product_brand","embeddable":true,"href":"https:\/\/lulala.pl\/index.php\/wp-json\/wp\/v2\/product_brand?post=767"},{"taxonomy":"product_cat","embeddable":true,"href":"https:\/\/lulala.pl\/index.php\/wp-json\/wp\/v2\/product_cat?post=767"},{"taxonomy":"product_tag","embeddable":true,"href":"https:\/\/lulala.pl\/index.php\/wp-json\/wp\/v2\/product_tag?post=767"}],"curies":[{"name":"wp","href":"https:\/\/api.w.org\/{rel}","templated":true}]}}

Torebka na ramię Coffee

<p>Torebki w pracowni Lulala powstają ze szczególną dbałością o detale i są często wykonywane w krótkich seriach lub pojedynczych egzemplarzach.<br />
Beżowo fioletowa torebka uszyta w modnym ostatnio stylu shoulder bag będzie idealnym dopełnieniem każdej stylizacji. Pasuje do letniej sukienki, ale super sprawdzi się też z marynarką i jeansami.<br />
 Zapinana na zamek i ozdobiona dwiema małymi klamrami w kolorze złotym.<br />
 Wykonana  z lakierowanej, włoskiej skóry  wytłaczanej we wzór krokodyla.  </p>
<p>Wszystkie moje torebki szyję sama i powstają w mojej pracowni w Gdańsku.</p>
<p>Wymiary torebki : 24cm(szerokość)/15cm(wysokość), 6cm (bok) </p>
<p>Pas  regulowany długość max 70cm</p>
<p>Do torebki dołączony będzie płócienny woreczek do przechowywania. Torebkę wysyłamy w eco opakowaniu bez użycia plastiku.</p>
<p>Jeżeli masz pomysł na torebkę, mogę wykonać ją w mojej pracowni na indywidualne zamówienie zapraszam do kontaktu.</p>
<p>Prosimy o kontakt, jeżeli chciałbyś dokonać personalizacji torebki.</p>

<p>Ręcznie szyta, skórzana torebka.</p>
