{"id":766,"date":"2022-11-02T10:56:06","date_gmt":"2022-11-02T09:56:06","guid":{"rendered":"https:\/\/lulala.pl\/?post_type=product&#038;p=766"},"modified":"2025-10-30T17:27:05","modified_gmt":"2025-10-30T16:27:05","slug":"torebka-roses-and-snake-kopia","status":"publish","type":"product","link":"https:\/\/lulala.pl\/index.php\/product\/torebka-roses-and-snake-kopia\/","title":{"rendered":"Torebka Roses and snake"},"content":{"rendered":"<p>R\u0119cznie wykonana torebka z w\u0142oskiej sk\u00f3ry naturalnej.<\/p>\n<p>R\u00f3\u017cowa sk\u00f3ra wyt\u0142aczana we wz\u00f3r croco i szara imituj\u0105ca sk\u00f3r\u0119 w\u0119\u017ca. Torebka jest zamykana na zapi\u0119cie magnesowe. Posiada pasek do noszenia w r\u0119ku oraz d\u0142ugi pasek do noszenia na krzy\u017c lub na rami\u0119.<\/p>\n<p>Wymiary 20cm (wysoko\u015b\u0107)_\/14cm (szeroko\u015b\u0107)\/7,5cm (bok)<\/p>\n<p>D\u0142ugo\u015b\u0107 pasek 127cm<\/p>\n","protected":false},"excerpt":{"rendered":"<p>R\u0119cznie wykonana torebka z w\u0142oskiej sk\u00f3ry naturalnej.<\/p>\n","protected":false},"featured_media":626,"comment_status":"open","ping_status":"closed","template":"","meta":[],"product_brand":[],"product_cat":[22],"product_tag":[37,36,39,40,45,38,41,43],"class_list":{"0":"post-766","1":"product","2":"type-product","3":"status-publish","4":"has-post-thumbnail","6":"product_cat-torebki","7":"product_tag-polskamarka","8":"product_tag-polskierzemioslo","9":"product_tag-polskietorebkihandmade","10":"product_tag-polskietorebkiskorzanedamskie","11":"product_tag-torebkanerkazeskorynaturalnej","12":"product_tag-torebkarecznieszyta","13":"product_tag-torebkazwytlaczanejskory","14":"product_tag-unikatowaskorzanatorebka","16":"first","17":"outofstock","18":"shipping-taxable","19":"purchasable","20":"product-type-simple"},"_links":{"self":[{"href":"https:\/\/lulala.pl\/index.php\/wp-json\/wp\/v2\/product\/766","targetHints":{"allow":["GET"]}}],"collection":[{"href":"https:\/\/lulala.pl\/index.php\/wp-json\/wp\/v2\/product"}],"about":[{"href":"https:\/\/lulala.pl\/index.php\/wp-json\/wp\/v2\/types\/product"}],"replies":[{"embeddable":true,"href":"https:\/\/lulala.pl\/index.php\/wp-json\/wp\/v2\/comments?post=766"}],"wp:featuredmedia":[{"embeddable":true,"href":"https:\/\/lulala.pl\/index.php\/wp-json\/wp\/v2\/media\/626"}],"wp:attachment":[{"href":"https:\/\/lulala.pl\/index.php\/wp-json\/wp\/v2\/media?parent=766"}],"wp:term":[{"taxonomy":"product_brand","embeddable":true,"href":"https:\/\/lulala.pl\/index.php\/wp-json\/wp\/v2\/product_brand?post=766"},{"taxonomy":"product_cat","embeddable":true,"href":"https:\/\/lulala.pl\/index.php\/wp-json\/wp\/v2\/product_cat?post=766"},{"taxonomy":"product_tag","embeddable":true,"href":"https:\/\/lulala.pl\/index.php\/wp-json\/wp\/v2\/product_tag?post=766"}],"curies":[{"name":"wp","href":"https:\/\/api.w.org\/{rel}","templated":true}]}}