{"id":713,"date":"2022-10-23T17:01:06","date_gmt":"2022-10-23T15:01:06","guid":{"rendered":"https:\/\/lulala.pl\/?post_type=product&#038;p=713"},"modified":"2022-11-03T16:29:48","modified_gmt":"2022-11-03T15:29:48","slug":"torebka-black-tube-kopia","status":"publish","type":"product","link":"https:\/\/lulala.pl\/index.php\/product\/torebka-black-tube-kopia\/","title":{"rendered":"Torebka Black Tube"},"content":{"rendered":"<p>R\u0119cznie wykonana torebka z w\u0142oskiej sk\u00f3ry naturalnej. Z klapk\u0105 zapinan\u0105 na dwie ozdobne klamry w kolorze z\u0142otym.<br \/>\nSama uwielbiam kolory, jednak wiem, \u017ce zawsze trzeba mie\u0107 w szafie czarn\u0105 torebk\u0119 kt\u00f3ra pasuje do wszystkiego.<br \/>\n\ud83d\udc5cTa dodatkowo jest w bardzo oryginalnym kszta\u0142cie tuby i w idealnym rozmiarze, nie za du\u017ca, nie za ma\u0142a.<br \/>\nPasuje na co dzie\u0144, idealnie sprawdzi si\u0119 te\u017c na imprezie. Spokojnie zmie\u015bci portfel, telefon i kilka drobiazg\u00f3w.<\/p>\n<p>Torebka jest zamykana na zapi\u0119cie magnesowe. Posiada d\u0142ugi regulowany pasek do noszenia na krzy\u017c lub na rami\u0119.(mog\u0119 na \u017cyczenie zmieni\u0107 d\u0142ugo\u015b\u0107 paska)<\/p>\n<p>Wymiary bok srednica ko\u0142a 11,5cm_\/23,5cm (szeroko\u015b\u0107)<br \/>\nD\u0142ugo\u015b\u0107 pasek 125cm<\/p>\n","protected":false},"excerpt":{"rendered":"<p>R\u0119cznie wykonana torebka z w\u0142oskiej sk\u00f3ry naturalnej.<\/p>\n","protected":false},"featured_media":714,"comment_status":"open","ping_status":"closed","template":"","meta":[],"product_brand":[],"product_cat":[22],"product_tag":[37,36,39,40,45,38,41,43],"class_list":{"0":"post-713","1":"product","2":"type-product","3":"status-publish","4":"has-post-thumbnail","6":"product_cat-torebki","7":"product_tag-polskamarka","8":"product_tag-polskierzemioslo","9":"product_tag-polskietorebkihandmade","10":"product_tag-polskietorebkiskorzanedamskie","11":"product_tag-torebkanerkazeskorynaturalnej","12":"product_tag-torebkarecznieszyta","13":"product_tag-torebkazwytlaczanejskory","14":"product_tag-unikatowaskorzanatorebka","16":"first","17":"instock","18":"featured","19":"shipping-taxable","20":"purchasable","21":"product-type-simple"},"_links":{"self":[{"href":"https:\/\/lulala.pl\/index.php\/wp-json\/wp\/v2\/product\/713","targetHints":{"allow":["GET"]}}],"collection":[{"href":"https:\/\/lulala.pl\/index.php\/wp-json\/wp\/v2\/product"}],"about":[{"href":"https:\/\/lulala.pl\/index.php\/wp-json\/wp\/v2\/types\/product"}],"replies":[{"embeddable":true,"href":"https:\/\/lulala.pl\/index.php\/wp-json\/wp\/v2\/comments?post=713"}],"wp:featuredmedia":[{"embeddable":true,"href":"https:\/\/lulala.pl\/index.php\/wp-json\/wp\/v2\/media\/714"}],"wp:attachment":[{"href":"https:\/\/lulala.pl\/index.php\/wp-json\/wp\/v2\/media?parent=713"}],"wp:term":[{"taxonomy":"product_brand","embeddable":true,"href":"https:\/\/lulala.pl\/index.php\/wp-json\/wp\/v2\/product_brand?post=713"},{"taxonomy":"product_cat","embeddable":true,"href":"https:\/\/lulala.pl\/index.php\/wp-json\/wp\/v2\/product_cat?post=713"},{"taxonomy":"product_tag","embeddable":true,"href":"https:\/\/lulala.pl\/index.php\/wp-json\/wp\/v2\/product_tag?post=713"}],"curies":[{"name":"wp","href":"https:\/\/api.w.org\/{rel}","templated":true}]}}