{"id":649,"date":"2022-04-22T21:48:45","date_gmt":"2022-04-22T19:48:45","guid":{"rendered":"https:\/\/lulala.pl\/?post_type=product&#038;p=649"},"modified":"2023-04-24T22:00:33","modified_gmt":"2023-04-24T20:00:33","slug":"torebka-shoper-czarna","status":"publish","type":"product","link":"https:\/\/lulala.pl\/index.php\/product\/torebka-shoper-czarna\/","title":{"rendered":"Torebka Shoper Czarna"},"content":{"rendered":"<p>Du\u017ca torebka w stylu shoper wykonana z w\u0142oskiej czarnej sk\u00f3ry naturalnej. Do torebki do\u0142\u0105czona jest mini torebka z karabinkiem na pasku, mo\u017cna w niej trzyma\u0107 wszystkie drobiazgi,<\/p>\n<p>Torba na co dzie\u0144, do noszenia na rami\u0119 i do r\u0119ki.<\/p>\n<p>Wymiary:<\/p>\n<p>37x28x10cm\u00a0 \u00a0raczka 50cm<\/p>\n<p>mini torebka 20x13cm<\/p>\n<p>Mog\u0119 na \u017cyczenie zmodyfikowa\u0107 \u00a0lekko wymiary.<\/p>\n","protected":false},"excerpt":{"rendered":"<p>Torba na co dzie\u0144, do noszenia na rami\u0119 i do r\u0119ki.<\/p>\n","protected":false},"featured_media":652,"comment_status":"open","ping_status":"closed","template":"","meta":[],"product_brand":[],"product_cat":[22],"product_tag":[59,61,58,54,56,60,55,53,57],"class_list":{"0":"post-649","1":"product","2":"type-product","3":"status-publish","4":"has-post-thumbnail","6":"product_cat-torebki","7":"product_tag-oryginalna-polska-torebka","8":"product_tag-polskie-rzemioslo","9":"product_tag-polskie-torebki","10":"product_tag-torebka-czarna","11":"product_tag-torebka-na-co-dzien","12":"product_tag-torebka-polskich-producentow","13":"product_tag-torebka-shoper","14":"product_tag-torebka-skorzana","15":"product_tag-torebka-szyta-recznie","17":"first","18":"onbackorder","19":"shipping-taxable","20":"purchasable","21":"product-type-simple"},"_links":{"self":[{"href":"https:\/\/lulala.pl\/index.php\/wp-json\/wp\/v2\/product\/649","targetHints":{"allow":["GET"]}}],"collection":[{"href":"https:\/\/lulala.pl\/index.php\/wp-json\/wp\/v2\/product"}],"about":[{"href":"https:\/\/lulala.pl\/index.php\/wp-json\/wp\/v2\/types\/product"}],"replies":[{"embeddable":true,"href":"https:\/\/lulala.pl\/index.php\/wp-json\/wp\/v2\/comments?post=649"}],"wp:featuredmedia":[{"embeddable":true,"href":"https:\/\/lulala.pl\/index.php\/wp-json\/wp\/v2\/media\/652"}],"wp:attachment":[{"href":"https:\/\/lulala.pl\/index.php\/wp-json\/wp\/v2\/media?parent=649"}],"wp:term":[{"taxonomy":"product_brand","embeddable":true,"href":"https:\/\/lulala.pl\/index.php\/wp-json\/wp\/v2\/product_brand?post=649"},{"taxonomy":"product_cat","embeddable":true,"href":"https:\/\/lulala.pl\/index.php\/wp-json\/wp\/v2\/product_cat?post=649"},{"taxonomy":"product_tag","embeddable":true,"href":"https:\/\/lulala.pl\/index.php\/wp-json\/wp\/v2\/product_tag?post=649"}],"curies":[{"name":"wp","href":"https:\/\/api.w.org\/{rel}","templated":true}]}}