{"id":1056,"date":"2026-05-13T19:06:11","date_gmt":"2026-05-13T17:06:11","guid":{"rendered":"https:\/\/lulala.pl\/?post_type=product&#038;p=1056"},"modified":"2026-05-13T20:19:31","modified_gmt":"2026-05-13T18:19:31","slug":"naszyjnik-w-stylu-kowbojskim","status":"publish","type":"product","link":"https:\/\/lulala.pl\/index.php\/product\/naszyjnik-w-stylu-kowbojskim\/","title":{"rendered":"Naszyjnik w stylu kowbojskim"},"content":{"rendered":"<p>R\u0119cznie wykonany naszyjnik o wyrazistym, nowoczesnym charakterze. Z\u0142oty \u0142a\u0144cuszek zosta\u0142 ozdobiony unikaln\u0105 zawieszk\u0105 w kszta\u0142cie serca z dekoracyjnym wzorem oraz subtelnymi detalami, kt\u00f3re nadaj\u0105 mu artystyczny i niepowtarzalny styl. Idealny dodatek do codziennych i bardziej odwa\u017cnych stylizacji.<br \/>\nelementy z\u0142ote wykonane ze stali nierdzewnej.<\/p>\n<p>Obw\u00f3d naszyjnika 40cm<\/p>\n","protected":false},"excerpt":{"rendered":"<p>R\u0119cznie wykonany naszyjnik o wyrazistym, nowoczesnym charakterze. Z\u0142oty \u0142a\u0144cuszek zosta\u0142 ozdobiony unikaln\u0105 zawieszk\u0105 w kszta\u0142cie serca z dekoracyjnym wzorem oraz subtelnymi detalami, kt\u00f3re nadaj\u0105 mu artystyczny i niepowtarzalny styl. Idealny [&hellip;]<\/p>\n","protected":false},"featured_media":1057,"comment_status":"open","ping_status":"closed","template":"","meta":[],"product_brand":[],"product_cat":[155,156],"product_tag":[151,157,187,148],"class_list":{"0":"post-1056","1":"product","2":"type-product","3":"status-publish","4":"has-post-thumbnail","6":"product_cat-bizuteria","7":"product_cat-naszyjniki","8":"product_tag-bizuteria","9":"product_tag-naszyjnik-personalizowany","10":"product_tag-naszyjnik-ze-skory-naturalnej","11":"product_tag-wyrob-wlasnoreczny","13":"first","14":"instock","15":"shipping-taxable","16":"purchasable","17":"product-type-simple"},"_links":{"self":[{"href":"https:\/\/lulala.pl\/index.php\/wp-json\/wp\/v2\/product\/1056","targetHints":{"allow":["GET"]}}],"collection":[{"href":"https:\/\/lulala.pl\/index.php\/wp-json\/wp\/v2\/product"}],"about":[{"href":"https:\/\/lulala.pl\/index.php\/wp-json\/wp\/v2\/types\/product"}],"replies":[{"embeddable":true,"href":"https:\/\/lulala.pl\/index.php\/wp-json\/wp\/v2\/comments?post=1056"}],"wp:featuredmedia":[{"embeddable":true,"href":"https:\/\/lulala.pl\/index.php\/wp-json\/wp\/v2\/media\/1057"}],"wp:attachment":[{"href":"https:\/\/lulala.pl\/index.php\/wp-json\/wp\/v2\/media?parent=1056"}],"wp:term":[{"taxonomy":"product_brand","embeddable":true,"href":"https:\/\/lulala.pl\/index.php\/wp-json\/wp\/v2\/product_brand?post=1056"},{"taxonomy":"product_cat","embeddable":true,"href":"https:\/\/lulala.pl\/index.php\/wp-json\/wp\/v2\/product_cat?post=1056"},{"taxonomy":"product_tag","embeddable":true,"href":"https:\/\/lulala.pl\/index.php\/wp-json\/wp\/v2\/product_tag?post=1056"}],"curies":[{"name":"wp","href":"https:\/\/api.w.org\/{rel}","templated":true}]}}