{"id":362,"date":"2021-08-17T17:03:43","date_gmt":"2021-08-17T17:03:43","guid":{"rendered":"https:\/\/demo.athemes.com\/botiga\/?page_id=362"},"modified":"2023-11-23T21:06:21","modified_gmt":"2023-11-23T20:06:21","slug":"home-2","status":"publish","type":"page","link":"https:\/\/lulala.pl\/","title":{"rendered":"Home"},"content":{"rendered":"\n<div id=\"athemes-blocks-block-d8c5b95c\" class=\"wp-block-athemes-athemes-blocks-block-container athemes-blocks-block athemes-blocks-block-d8c5b95c athemes-blocks-block-container alignfull\"><div class=\"athemes-blocks-block-container-wrapper athemes-blocks-block-container-bg-cover athemes-blocks-block-container-bg-effect-scroll\"><img decoding=\"async\" class=\"athemes-blocks-background-image\" width=\"2560\" height=\"1267\" src=\"http:\/\/tegieer.home.pl\/lulala\/wp-content\/uploads\/2022\/01\/LULALA-leather-bags-with-love.jpg\" srcset=\"http:\/\/tegieer.home.pl\/lulala\/wp-content\/uploads\/2022\/01\/LULALA-leather-bags-with-love-150x150.jpg 150w, http:\/\/tegieer.home.pl\/lulala\/wp-content\/uploads\/2022\/01\/LULALA-leather-bags-with-love-300x149.jpg 300w, http:\/\/tegieer.home.pl\/lulala\/wp-content\/uploads\/2022\/01\/LULALA-leather-bags-with-love-1024x507.jpg 1024w, http:\/\/tegieer.home.pl\/lulala\/wp-content\/uploads\/2022\/01\/LULALA-leather-bags-with-love-scaled.jpg 2560w, \" sizes=\"auto, (max-width: 2560px) 100vw, 2560px\" alt=\"LULALA leather bags with love\" loading=\"lazy\"\/><div class=\"athemes-blocks-block-container-wrapper-content\">\n<div class=\"wp-block-columns is-layout-flex wp-container-core-columns-is-layout-9d6595d7 wp-block-columns-is-layout-flex\">\n<div class=\"wp-block-column is-layout-flow wp-block-column-is-layout-flow\" style=\"flex-basis:33.33%\">\n<p><\/p>\n<\/div>\n<\/div>\n\n\n\n<div style=\"height:100px\" aria-hidden=\"true\" class=\"wp-block-spacer\"><\/div>\n\n\n\n<div style=\"height:100px\" aria-hidden=\"true\" class=\"wp-block-spacer\"><\/div>\n\n\n\n<div style=\"height:100px\" aria-hidden=\"true\" class=\"wp-block-spacer\"><\/div>\n<\/div><\/div><\/div>\n\n\n\n<div style=\"height:100px\" aria-hidden=\"true\" class=\"wp-block-spacer\"><\/div>\n\n\n\n<h3 class=\"wp-block-heading has-text-align-center\" id=\"najnowsze-kolekcje\">Najnowsze kolekcje<\/h3>\n\n\n\n<p class=\"has-text-align-center\"> <\/p>\n\n\n<div data-block-name=\"woocommerce\/product-new\" data-content-visibility=\"{&quot;title&quot;:true,&quot;price&quot;:true,&quot;rating&quot;:false,&quot;button&quot;:true}\" data-rows=\"1\" class=\"wc-block-grid wp-block-product-new wp-block-woocommerce-product-new wc-block-product-new has-3-columns\"><ul class=\"wc-block-grid__products\"><li class=\"wc-block-grid__product product-grid \">\n\t\t\t\t<div class=\"loop-image-wrap botiga-add-to-cart-button-layout2 botiga-quick-view-button-layout2\">\n\t\t\t\t\t<a href=\"https:\/\/lulala.pl\/index.php\/product\/naszyjnik-z-agatu-pastelowego-2\/\" class=\"wc-block-grid__product-link\">\n\t\t\t\t\t\t<div class=\"wc-block-grid__product-image\"><img loading=\"lazy\" decoding=\"async\" width=\"420\" height=\"698\" src=\"https:\/\/lulala.pl\/wp-content\/uploads\/2026\/04\/Agat-pastelowy-420x698.jpg\" class=\"attachment-woocommerce_thumbnail size-woocommerce_thumbnail\" alt=\"Naszyjnik z pastelowego agatu\" srcset=\"https:\/\/lulala.pl\/wp-content\/uploads\/2026\/04\/Agat-pastelowy-420x698.jpg 420w, https:\/\/lulala.pl\/wp-content\/uploads\/2026\/04\/Agat-pastelowy-181x300.jpg 181w, https:\/\/lulala.pl\/wp-content\/uploads\/2026\/04\/Agat-pastelowy-616x1024.jpg 616w, https:\/\/lulala.pl\/wp-content\/uploads\/2026\/04\/Agat-pastelowy-768x1276.jpg 768w, https:\/\/lulala.pl\/wp-content\/uploads\/2026\/04\/Agat-pastelowy-924x1536.jpg 924w, https:\/\/lulala.pl\/wp-content\/uploads\/2026\/04\/Agat-pastelowy-1140x1894.jpg 1140w, https:\/\/lulala.pl\/wp-content\/uploads\/2026\/04\/Agat-pastelowy-920x1529.jpg 920w, https:\/\/lulala.pl\/wp-content\/uploads\/2026\/04\/Agat-pastelowy-575x955.jpg 575w, https:\/\/lulala.pl\/wp-content\/uploads\/2026\/04\/Agat-pastelowy-380x631.jpg 380w, https:\/\/lulala.pl\/wp-content\/uploads\/2026\/04\/Agat-pastelowy-800x1329.jpg 800w, https:\/\/lulala.pl\/wp-content\/uploads\/2026\/04\/Agat-pastelowy.jpg 1200w\" sizes=\"auto, (max-width: 420px) 100vw, 420px\" \/><\/div>\n\t\t\t\t\t<\/a>\n\t<a href=\"#\" class=\"button botiga-quick-view-show-on-hover botiga-quick-view botiga-quick-view-layout2\" aria-label=\"Szybki podgl\u0105d produktu Naszyjnik z agatu pastelowego\" data-product-id=\"987\" data-nonce=\"2e64d94fd1\">\n\t\tSzybki podgl\u0105d\t<\/a>\n\t<\/div><a href=\"https:\/\/lulala.pl\/index.php\/product\/naszyjnik-z-agatu-pastelowego-2\/\" class=\"wc-block-grid__product-link\">\n\t\t\t\t\t<div class=\"wc-block-grid__product-title\">Naszyjnik z agatu pastelowego<\/div>\n\t\t\t\t<\/a><div class=\"wc-block-grid__product-price price\"><span class=\"woocommerce-Price-amount amount\"><span class=\"woocommerce-Price-currencySymbol\">&#122;&#322;<\/span>250.00<\/span><\/div><div class=\"wp-block-button wc-block-grid__product-add-to-cart\"><div class=\"loop-button-wrap button-width-auto button-layout2 \"><a href=\"\/index.php\/wp-json\/wp\/v2\/pages\/362?add-to-cart=987\" aria-label=\"Dodaj do koszyka: &bdquo;Naszyjnik z agatu pastelowego&rdquo;\" data-quantity=\"1\" data-product_id=\"987\" data-product_sku=\"\" rel=\"nofollow\" class=\"button wp-block-button__link add_to_cart_button ajax_add_to_cart\">Dodaj do koszyka<\/a><\/div><\/div><\/li><li class=\"wc-block-grid__product product-grid \">\n\t\t\t\t<div class=\"loop-image-wrap botiga-add-to-cart-button-layout2 botiga-quick-view-button-layout2\">\n\t\t\t\t\t<a href=\"https:\/\/lulala.pl\/index.php\/product\/naszyjnik-z-miodowego-cytrynu\/\" class=\"wc-block-grid__product-link\">\n\t\t\t\t\t\t<div class=\"wc-block-grid__product-image\"><img loading=\"lazy\" decoding=\"async\" width=\"420\" height=\"600\" src=\"https:\/\/lulala.pl\/wp-content\/uploads\/2026\/04\/miodowy-cytryn-420x600.jpg\" class=\"attachment-woocommerce_thumbnail size-woocommerce_thumbnail\" alt=\"Naszyjnik z Miodowego cytrynu\" srcset=\"https:\/\/lulala.pl\/wp-content\/uploads\/2026\/04\/miodowy-cytryn-420x600.jpg 420w, https:\/\/lulala.pl\/wp-content\/uploads\/2026\/04\/miodowy-cytryn-210x300.jpg 210w, https:\/\/lulala.pl\/wp-content\/uploads\/2026\/04\/miodowy-cytryn-717x1024.jpg 717w, https:\/\/lulala.pl\/wp-content\/uploads\/2026\/04\/miodowy-cytryn-768x1097.jpg 768w, https:\/\/lulala.pl\/wp-content\/uploads\/2026\/04\/miodowy-cytryn-1075x1536.jpg 1075w, https:\/\/lulala.pl\/wp-content\/uploads\/2026\/04\/miodowy-cytryn-1140x1629.jpg 1140w, https:\/\/lulala.pl\/wp-content\/uploads\/2026\/04\/miodowy-cytryn-920x1314.jpg 920w, https:\/\/lulala.pl\/wp-content\/uploads\/2026\/04\/miodowy-cytryn-575x821.jpg 575w, https:\/\/lulala.pl\/wp-content\/uploads\/2026\/04\/miodowy-cytryn-380x543.jpg 380w, https:\/\/lulala.pl\/wp-content\/uploads\/2026\/04\/miodowy-cytryn-800x1143.jpg 800w, https:\/\/lulala.pl\/wp-content\/uploads\/2026\/04\/miodowy-cytryn.jpg 1400w\" sizes=\"auto, (max-width: 420px) 100vw, 420px\" \/><\/div>\n\t\t\t\t\t<\/a>\n\t<a href=\"#\" class=\"button botiga-quick-view-show-on-hover botiga-quick-view botiga-quick-view-layout2\" aria-label=\"Szybki podgl\u0105d produktu Naszyjnik z miodowego cytrynu\" data-product-id=\"976\" data-nonce=\"2e64d94fd1\">\n\t\tSzybki podgl\u0105d\t<\/a>\n\t<\/div><a href=\"https:\/\/lulala.pl\/index.php\/product\/naszyjnik-z-miodowego-cytrynu\/\" class=\"wc-block-grid__product-link\">\n\t\t\t\t\t<div class=\"wc-block-grid__product-title\">Naszyjnik z miodowego cytrynu<\/div>\n\t\t\t\t<\/a><div class=\"wc-block-grid__product-price price\"><span class=\"woocommerce-Price-amount amount\"><span class=\"woocommerce-Price-currencySymbol\">&#122;&#322;<\/span>250.00<\/span><\/div><div class=\"wp-block-button wc-block-grid__product-add-to-cart\"><div class=\"loop-button-wrap button-width-auto button-layout2 \"><a href=\"\/index.php\/wp-json\/wp\/v2\/pages\/362?add-to-cart=976\" aria-label=\"Dodaj do koszyka: &bdquo;Naszyjnik z miodowego cytrynu&rdquo;\" data-quantity=\"1\" data-product_id=\"976\" data-product_sku=\"\" rel=\"nofollow\" class=\"button wp-block-button__link add_to_cart_button ajax_add_to_cart\">Dodaj do koszyka<\/a><\/div><\/div><\/li><li class=\"wc-block-grid__product product-grid \">\n\t\t\t\t<div class=\"loop-image-wrap botiga-add-to-cart-button-layout2 botiga-quick-view-button-layout2\">\n\t\t\t\t\t<a href=\"https:\/\/lulala.pl\/index.php\/product\/naszyjnik-z-fioletowego-agatu\/\" class=\"wc-block-grid__product-link\">\n\t\t\t\t\t\t<div class=\"wc-block-grid__product-image\"><img loading=\"lazy\" decoding=\"async\" width=\"420\" height=\"550\" src=\"https:\/\/lulala.pl\/wp-content\/uploads\/2026\/04\/naszyjnik-1-420x550.jpg\" class=\"attachment-woocommerce_thumbnail size-woocommerce_thumbnail\" alt=\"Naszyjnik z Fioletowego Agatu\" srcset=\"https:\/\/lulala.pl\/wp-content\/uploads\/2026\/04\/naszyjnik-1-420x550.jpg 420w, https:\/\/lulala.pl\/wp-content\/uploads\/2026\/04\/naszyjnik-1-229x300.jpg 229w, https:\/\/lulala.pl\/wp-content\/uploads\/2026\/04\/naszyjnik-1-781x1024.jpg 781w, https:\/\/lulala.pl\/wp-content\/uploads\/2026\/04\/naszyjnik-1-768x1006.jpg 768w, https:\/\/lulala.pl\/wp-content\/uploads\/2026\/04\/naszyjnik-1-1172x1536.jpg 1172w, https:\/\/lulala.pl\/wp-content\/uploads\/2026\/04\/naszyjnik-1-1563x2048.jpg 1563w, https:\/\/lulala.pl\/wp-content\/uploads\/2026\/04\/naszyjnik-1-1140x1494.jpg 1140w, https:\/\/lulala.pl\/wp-content\/uploads\/2026\/04\/naszyjnik-1-920x1206.jpg 920w, https:\/\/lulala.pl\/wp-content\/uploads\/2026\/04\/naszyjnik-1-575x753.jpg 575w, https:\/\/lulala.pl\/wp-content\/uploads\/2026\/04\/naszyjnik-1-380x498.jpg 380w, https:\/\/lulala.pl\/wp-content\/uploads\/2026\/04\/naszyjnik-1-800x1048.jpg 800w, https:\/\/lulala.pl\/wp-content\/uploads\/2026\/04\/naszyjnik-1-scaled.jpg 1954w\" sizes=\"auto, (max-width: 420px) 100vw, 420px\" \/><\/div>\n\t\t\t\t\t<\/a>\n\t<a href=\"#\" class=\"button botiga-quick-view-show-on-hover botiga-quick-view botiga-quick-view-layout2\" aria-label=\"Szybki podgl\u0105d produktu Naszyjnik z Fioletowego Agatu\" data-product-id=\"972\" data-nonce=\"2e64d94fd1\">\n\t\tSzybki podgl\u0105d\t<\/a>\n\t<\/div><a href=\"https:\/\/lulala.pl\/index.php\/product\/naszyjnik-z-fioletowego-agatu\/\" class=\"wc-block-grid__product-link\">\n\t\t\t\t\t<div class=\"wc-block-grid__product-title\">Naszyjnik z Fioletowego Agatu<\/div>\n\t\t\t\t<\/a><div class=\"wc-block-grid__product-price price\"><span class=\"woocommerce-Price-amount amount\"><span class=\"woocommerce-Price-currencySymbol\">&#122;&#322;<\/span>250.00<\/span><\/div><div class=\"wp-block-button wc-block-grid__product-add-to-cart\"><div class=\"loop-button-wrap button-width-auto button-layout2 \"><a href=\"\/index.php\/wp-json\/wp\/v2\/pages\/362?add-to-cart=972\" aria-label=\"Dodaj do koszyka: &bdquo;Naszyjnik z Fioletowego Agatu&rdquo;\" data-quantity=\"1\" data-product_id=\"972\" data-product_sku=\"\" rel=\"nofollow\" class=\"button wp-block-button__link add_to_cart_button ajax_add_to_cart\">Dodaj do koszyka<\/a><\/div><\/div><\/li><\/ul><\/div>\n\n\n<div style=\"height:100px\" aria-hidden=\"true\" class=\"wp-block-spacer\"><\/div>\n\n\n\n<div id=\"athemes-blocks-block-80476f20\" class=\"wp-block-athemes-athemes-blocks-block-container athemes-blocks-block athemes-blocks-block-80476f20 athemes-blocks-block-container alignfull\"><div class=\"athemes-blocks-block-container-wrapper athemes-blocks-block-container-bg-cover athemes-blocks-block-container-bg-effect-scroll\"><img decoding=\"async\" class=\"athemes-blocks-background-image\" width=\"2560\" height=\"1523\" src=\"http:\/\/tegieer.home.pl\/lulala\/wp-content\/uploads\/2022\/01\/LULALA-nature-inspired-leathercraft.jpg\" srcset=\"http:\/\/tegieer.home.pl\/lulala\/wp-content\/uploads\/2022\/01\/LULALA-nature-inspired-leathercraft-150x150.jpg 150w, http:\/\/tegieer.home.pl\/lulala\/wp-content\/uploads\/2022\/01\/LULALA-nature-inspired-leathercraft-300x179.jpg 300w, http:\/\/tegieer.home.pl\/lulala\/wp-content\/uploads\/2022\/01\/LULALA-nature-inspired-leathercraft-1024x609.jpg 1024w, http:\/\/tegieer.home.pl\/lulala\/wp-content\/uploads\/2022\/01\/LULALA-nature-inspired-leathercraft-scaled.jpg 2560w, \" sizes=\"auto, (max-width: 2560px) 100vw, 2560px\" alt=\"LULALA-nature-inspired-leathercraft\" loading=\"lazy\"\/><div class=\"athemes-blocks-block-container-wrapper-content\">\n<h3 class=\"wp-block-heading has-text-align-center\" id=\"czemu-wybierzesz-lulala\">Czemu wybierzesz Lulala?<\/h3>\n\n\n\n<p class=\"has-text-align-center\"><strong>Mamy d\u0142ug\u0105 tradycj\u0119 tworzenia r\u0119cznie robionych torebek. Wszystkie nasze torebki s\u0105 manualnie szytymi dzie\u0142ami sztuki.<\/strong><br><strong>Ka\u017cda jest inna, poniewa\u017c ogromna wi\u0119kszo\u015b\u0107 z nich produkowana jest w pojedynczych egzemplarzach.<\/strong><br><strong>Do tworzenia naszych torebek wykorzystujemy poprodukcyjne skrawki sk\u00f3r z w\u0142oskich pracowni<\/strong>.<br><strong>Zakochaj si\u0119 w niesamowitych i oryginalnych produktach Lulala.<\/strong><\/p>\n\n\n\n<div class=\"wp-block-buttons is-horizontal is-content-justification-center is-layout-flex wp-container-core-buttons-is-layout-499968f5 wp-block-buttons-is-layout-flex\">\n<div class=\"wp-block-button\"><a class=\"wp-block-button__link no-border-radius wp-element-button\">SHOP NOW<\/a><\/div>\n<\/div>\n\n\n\n<div class=\"wp-block-group\"><div class=\"wp-block-group__inner-container is-layout-flow wp-block-group-is-layout-flow\">\n<p class=\"has-text-align-center\"><strong>sea &#8211; nature &#8211; love<\/strong><\/p>\n<\/div><\/div>\n<\/div><\/div><\/div>\n\n\n\n<div style=\"height:100px\" aria-hidden=\"true\" class=\"wp-block-spacer\"><\/div>\n\n\n\n<h3 class=\"wp-block-heading has-text-align-center\" id=\"poznaj-wszystkie-kategorie-produktow\">Poznaj wszystkie kategorie produkt\u00f3w<\/h3>\n\n\n\n<p class=\"has-text-align-center\"><\/p>\n\n\n\n<div class=\"wp-block-columns is-layout-flex wp-container-core-columns-is-layout-9d6595d7 wp-block-columns-is-layout-flex\">\n<div class=\"wp-block-column is-layout-flow wp-block-column-is-layout-flow\"><div class=\"wp-block-image\">\n<figure class=\"aligncenter size-large\"><a href=\"http:\/\/lulala.pl\/index.php\/product-category\/torebki\/\"><img loading=\"lazy\" decoding=\"async\" width=\"1024\" height=\"768\" src=\"http:\/\/lulala.pl\/wp-content\/uploads\/2022\/02\/torebki-kategoria-1024x768.jpg\" alt=\"torebki kategoria\" class=\"wp-image-602\" srcset=\"https:\/\/lulala.pl\/wp-content\/uploads\/2022\/02\/torebki-kategoria-1024x768.jpg 1024w, https:\/\/lulala.pl\/wp-content\/uploads\/2022\/02\/torebki-kategoria-300x225.jpg 300w, https:\/\/lulala.pl\/wp-content\/uploads\/2022\/02\/torebki-kategoria-768x576.jpg 768w, https:\/\/lulala.pl\/wp-content\/uploads\/2022\/02\/torebki-kategoria-1536x1152.jpg 1536w, https:\/\/lulala.pl\/wp-content\/uploads\/2022\/02\/torebki-kategoria-1140x855.jpg 1140w, https:\/\/lulala.pl\/wp-content\/uploads\/2022\/02\/torebki-kategoria-920x690.jpg 920w, https:\/\/lulala.pl\/wp-content\/uploads\/2022\/02\/torebki-kategoria-575x431.jpg 575w, https:\/\/lulala.pl\/wp-content\/uploads\/2022\/02\/torebki-kategoria-380x285.jpg 380w, https:\/\/lulala.pl\/wp-content\/uploads\/2022\/02\/torebki-kategoria-420x315.jpg 420w, https:\/\/lulala.pl\/wp-content\/uploads\/2022\/02\/torebki-kategoria-800x600.jpg 800w, https:\/\/lulala.pl\/wp-content\/uploads\/2022\/02\/torebki-kategoria.jpg 2000w\" sizes=\"auto, (max-width: 1024px) 100vw, 1024px\" \/><\/a><\/figure>\n<\/div>\n\n\n<p class=\"has-text-align-center\"><a href=\"http:\/\/lulala.pl\/index.php\/product-category\/torebki\/\" data-type=\"URL\">Torebki<\/a><\/p>\n<\/div>\n\n\n\n<div class=\"wp-block-column is-layout-flow wp-block-column-is-layout-flow\"><div class=\"wp-block-image\">\n<figure class=\"aligncenter size-large\"><a href=\"http:\/\/lulala.pl\/index.php\/product-category\/plecaki\/\"><img loading=\"lazy\" decoding=\"async\" width=\"1024\" height=\"768\" src=\"http:\/\/lulala.pl\/wp-content\/uploads\/2022\/02\/plecaki-kategoria-1024x768.jpg\" alt=\"plecaki kategoria\" class=\"wp-image-603\" srcset=\"https:\/\/lulala.pl\/wp-content\/uploads\/2022\/02\/plecaki-kategoria-1024x768.jpg 1024w, https:\/\/lulala.pl\/wp-content\/uploads\/2022\/02\/plecaki-kategoria-300x225.jpg 300w, https:\/\/lulala.pl\/wp-content\/uploads\/2022\/02\/plecaki-kategoria-768x576.jpg 768w, https:\/\/lulala.pl\/wp-content\/uploads\/2022\/02\/plecaki-kategoria-1536x1152.jpg 1536w, https:\/\/lulala.pl\/wp-content\/uploads\/2022\/02\/plecaki-kategoria-1140x855.jpg 1140w, https:\/\/lulala.pl\/wp-content\/uploads\/2022\/02\/plecaki-kategoria-920x690.jpg 920w, https:\/\/lulala.pl\/wp-content\/uploads\/2022\/02\/plecaki-kategoria-575x431.jpg 575w, https:\/\/lulala.pl\/wp-content\/uploads\/2022\/02\/plecaki-kategoria-380x285.jpg 380w, https:\/\/lulala.pl\/wp-content\/uploads\/2022\/02\/plecaki-kategoria-420x315.jpg 420w, https:\/\/lulala.pl\/wp-content\/uploads\/2022\/02\/plecaki-kategoria-800x600.jpg 800w, https:\/\/lulala.pl\/wp-content\/uploads\/2022\/02\/plecaki-kategoria.jpg 2000w\" sizes=\"auto, (max-width: 1024px) 100vw, 1024px\" \/><\/a><\/figure>\n<\/div>\n\n\n<p class=\"has-text-align-center\"><a href=\"http:\/\/lulala.pl\/index.php\/product-category\/plecaki\/\">Plecaki<\/a><\/p>\n<\/div>\n\n\n\n<div class=\"wp-block-column is-layout-flow wp-block-column-is-layout-flow\"><div class=\"wp-block-image\">\n<figure class=\"aligncenter size-large\"><a href=\"http:\/\/lulala.pl\/index.php\/product-category\/portfele\/\"><img loading=\"lazy\" decoding=\"async\" width=\"1024\" height=\"768\" src=\"http:\/\/lulala.pl\/wp-content\/uploads\/2022\/02\/portfele-kategoria-1024x768.jpg\" alt=\"portfele kategoria\" class=\"wp-image-604\" srcset=\"https:\/\/lulala.pl\/wp-content\/uploads\/2022\/02\/portfele-kategoria-1024x768.jpg 1024w, https:\/\/lulala.pl\/wp-content\/uploads\/2022\/02\/portfele-kategoria-300x225.jpg 300w, https:\/\/lulala.pl\/wp-content\/uploads\/2022\/02\/portfele-kategoria-768x576.jpg 768w, https:\/\/lulala.pl\/wp-content\/uploads\/2022\/02\/portfele-kategoria-1536x1152.jpg 1536w, https:\/\/lulala.pl\/wp-content\/uploads\/2022\/02\/portfele-kategoria-1140x855.jpg 1140w, https:\/\/lulala.pl\/wp-content\/uploads\/2022\/02\/portfele-kategoria-920x690.jpg 920w, https:\/\/lulala.pl\/wp-content\/uploads\/2022\/02\/portfele-kategoria-575x431.jpg 575w, https:\/\/lulala.pl\/wp-content\/uploads\/2022\/02\/portfele-kategoria-380x285.jpg 380w, https:\/\/lulala.pl\/wp-content\/uploads\/2022\/02\/portfele-kategoria-420x315.jpg 420w, https:\/\/lulala.pl\/wp-content\/uploads\/2022\/02\/portfele-kategoria-800x600.jpg 800w, https:\/\/lulala.pl\/wp-content\/uploads\/2022\/02\/portfele-kategoria.jpg 2000w\" sizes=\"auto, (max-width: 1024px) 100vw, 1024px\" \/><\/a><\/figure>\n<\/div>\n\n\n<p class=\"has-text-align-center\"><a href=\"http:\/\/lulala.pl\/index.php\/product-category\/portfele\/\">Portfele<\/a><\/p>\n<\/div>\n\n\n\n<div class=\"wp-block-column is-layout-flow wp-block-column-is-layout-flow\"><div class=\"wp-block-image\">\n<figure class=\"aligncenter size-large\"><a href=\"http:\/\/lulala.pl\/index.php\/product-category\/akcesoria\/\"><img loading=\"lazy\" decoding=\"async\" width=\"1024\" height=\"768\" src=\"http:\/\/lulala.pl\/wp-content\/uploads\/2022\/02\/akcesoria-kategoria-1024x768.jpg\" alt=\"akcesoria kategoria\" class=\"wp-image-605\" srcset=\"https:\/\/lulala.pl\/wp-content\/uploads\/2022\/02\/akcesoria-kategoria-1024x768.jpg 1024w, https:\/\/lulala.pl\/wp-content\/uploads\/2022\/02\/akcesoria-kategoria-300x225.jpg 300w, https:\/\/lulala.pl\/wp-content\/uploads\/2022\/02\/akcesoria-kategoria-768x576.jpg 768w, https:\/\/lulala.pl\/wp-content\/uploads\/2022\/02\/akcesoria-kategoria-1536x1152.jpg 1536w, https:\/\/lulala.pl\/wp-content\/uploads\/2022\/02\/akcesoria-kategoria-1140x855.jpg 1140w, https:\/\/lulala.pl\/wp-content\/uploads\/2022\/02\/akcesoria-kategoria-920x690.jpg 920w, https:\/\/lulala.pl\/wp-content\/uploads\/2022\/02\/akcesoria-kategoria-575x431.jpg 575w, https:\/\/lulala.pl\/wp-content\/uploads\/2022\/02\/akcesoria-kategoria-380x285.jpg 380w, https:\/\/lulala.pl\/wp-content\/uploads\/2022\/02\/akcesoria-kategoria-420x315.jpg 420w, https:\/\/lulala.pl\/wp-content\/uploads\/2022\/02\/akcesoria-kategoria-800x600.jpg 800w, https:\/\/lulala.pl\/wp-content\/uploads\/2022\/02\/akcesoria-kategoria.jpg 2000w\" sizes=\"auto, (max-width: 1024px) 100vw, 1024px\" \/><\/a><\/figure>\n<\/div>\n\n\n<p class=\"has-text-align-center\"><a href=\"http:\/\/lulala.pl\/index.php\/product-category\/akcesoria\/\">Akcesoria<\/a><\/p>\n<\/div>\n<\/div>\n\n\n\n<div style=\"height:90px\" aria-hidden=\"true\" class=\"wp-block-spacer\"><\/div>\n","protected":false},"excerpt":{"rendered":"<p>Najnowsze kolekcje Poznaj wszystkie kategorie produkt\u00f3w Torebki Plecaki Portfele Akcesoria<\/p>\n","protected":false},"author":1,"featured_media":0,"parent":0,"menu_order":0,"comment_status":"closed","ping_status":"closed","template":"","meta":{"footnotes":""},"class_list":["post-362","page","type-page","status-publish","hentry"],"_links":{"self":[{"href":"https:\/\/lulala.pl\/index.php\/wp-json\/wp\/v2\/pages\/362","targetHints":{"allow":["GET"]}}],"collection":[{"href":"https:\/\/lulala.pl\/index.php\/wp-json\/wp\/v2\/pages"}],"about":[{"href":"https:\/\/lulala.pl\/index.php\/wp-json\/wp\/v2\/types\/page"}],"author":[{"embeddable":true,"href":"https:\/\/lulala.pl\/index.php\/wp-json\/wp\/v2\/users\/1"}],"replies":[{"embeddable":true,"href":"https:\/\/lulala.pl\/index.php\/wp-json\/wp\/v2\/comments?post=362"}],"version-history":[{"count":30,"href":"https:\/\/lulala.pl\/index.php\/wp-json\/wp\/v2\/pages\/362\/revisions"}],"predecessor-version":[{"id":871,"href":"https:\/\/lulala.pl\/index.php\/wp-json\/wp\/v2\/pages\/362\/revisions\/871"}],"wp:attachment":[{"href":"https:\/\/lulala.pl\/index.php\/wp-json\/wp\/v2\/media?parent=362"}],"curies":[{"name":"wp","href":"https:\/\/api.w.org\/{rel}","templated":true}]}}